t is the greatest common divisor of 182 and 2210?
26
What is the highest common factor of 220 and 7150?
110
Calculate the highest common divisor of 36 and 492.
12
Calculate the highest common divisor of 1378 and 52.
26
Calculate the highest common divisor of 82 and 410.
82
Calculate the greatest common factor of 632 and 16.
8
Calculate the highest common factor of 430 and 10.
10
Calculate the highest common divisor of 80 and 130.
10
Calculate the greatest common factor of 22 and 1650.
22
Calculate the greatest common factor of 549 and 9.
9
Calculate the highest common divisor of 5356 and 312.
52
What is the greatest common divisor of 49 and 553?
7
What is the highest common divisor of 123 and 3?
3
Calculate the greatest common factor of 147 and 14.
7
What is the greatest common divisor of 133 and 25403?
133
What is the highest common factor of 28 and 21?
7
Calculate the greatest common divisor of 2475 and 3795.
165
Calculate the greatest common divisor of 6 and 2010.
6
Calculate the greatest common divisor of 1066 and 328.
82
Calculate the greatest common divisor of 29540 and 40.
20
Calculate the greatest common divisor of 115 and 11155.
115
What is the highest common divisor of 24 and 2181?
3
Calculate the greatest common factor of 82 and 82.
82
Calculate the greatest common factor of 20 and 480.
20
Calculate the highest common divisor of 19 and 2090.
19
Calculate the greatest common factor of 1072 and 10988.
268
What is the highest common divisor of 2007 and 4460?
223
Calculate the highest common divisor of 79335 and 41.
41
What is the highest common divisor of 33 and 58212?
33
Calculate the greatest common divisor of 58 and 2.
2
What is the highest common factor of 104 and 1820?
52
Calculate the highest common divisor of 1648 and 48.
16
What is the greatest common factor of 20 and 1070?
10
Calculate the highest common divisor of 168 and 63.
21
Calculate the highest common factor of 1450 and 200.
50
What is the greatest common factor of 374 and 22?
22
Calculate the greatest common factor of 429 and 12.
3
Calculate the highest common factor of 21 and 651.
21
What is the highest common divisor of 703 and 37?
37
What is the highest common factor of 16 and 3608?
8
What is the greatest common divisor of 215 and 80195?
215
What is the greatest common factor of 270 and 6030?
90
What is the greatest common divisor of 290 and 20?
10
What is the greatest common divisor of 100 and 180?
20
Calculate the highest common divisor of 78 and 104.
26
Calculate the greatest common factor of 416 and 1300.
52
Calculate the highest common divisor of 14464 and 256.
128
What is the highest common divisor of 4206 and 30?
6
What is the highest common factor of 9 and 171?
9
Calculate the greatest common factor of 209 and 176.
11
What is the highest common divisor of 4052 and 12?
4
Calculate the highest common divisor of 1729 and 91.
91
Calculate the greatest common factor of 27 and 1431.
27
What is the highest common divisor of 34 and 170?
34
What is the highest common factor of 76527 and 33?
33
Calculate the highest common factor of 9 and 729.
9
What is the highest common divisor of 57 and 741?
57
Calculate the greatest common factor of 24 and 456.
24
Calculate the highest common divisor of 62 and 713.
31
Calculate the greatest common factor of 98 and 13622.
98
Calculate the highest common factor of 7386 and 6.
6
Calculate the greatest common factor of 53038 and 46.
46
What is the highest common divisor of 3 and 192?
3
Calculate the greatest common factor of 350 and 56.
14
Calculate the highest common factor of 91 and 273.
91
Calculate the greatest common factor of 160 and 50.
10
What is the greatest common factor of 77 and 55?
11
What is the highest common divisor of 214 and 31351?
107
What is the greatest common divisor of 55 and 5?
5
What is the highest common factor of 275 and 50?
25
What is the greatest common divisor of 10302 and 68?
34
What is the greatest common factor of 105 and 49?
7
What is the highest common factor of 1377 and 289?
17
Calculate the highest common divisor of 583 and 477.
53
Calculate the greatest common factor of 504 and 144.
72
Calculate the greatest common divisor of 278 and 26.
2
What is the greatest common factor of 897 and 39?
39
Calculate the greatest common divisor of 13 and 871.
13
What is the greatest common divisor of 696 and 24?
24
Calculate the greatest common divisor of 98 and 294.
98
Calculate the highest common factor of 1474 and 1342.
22
Calculate the highest common divisor of 558 and 310.
62
What is the highest common divisor of 14 and 483?
7
What is the highest common divisor of 232 and 87?
29
What is the highest common factor of 200 and 280?
40
What is the highest common factor of 665 and 35?
35
Calculate the greatest common factor of 38 and 84.
2
What is the highest common factor of 13 and 4849?
13
What is the highest common factor of 209 and 57?
19
Calculate the highest common divisor of 28 and 581.
7
What is the greatest common factor of 37 and 7807?
37
What is the greatest common factor of 817 and 551?
19
Calculate the highest common factor of 96 and 1752.
24
Calculate the highest common factor of 68 and 6.
2
Calculate the highest common divisor of 1105 and 5.
5
Calculate the greatest common divisor of 170 and 1258.
34
Calculate the highest common factor of 38475 and 90.
45
Calculate the greatest common factor of 170 and 6511.
17
Calculate the highest common divisor of 3615 and 75.
15
Calculate the greatest common factor of 1922 and 124.
62
Calculate the greatest common divisor of 121 and 22.
11
What is the highest common factor of 833 and 49?
49
Calculate the greatest common divisor of 140 and 13580.
140
What is the greatest common divisor of 80 and 1200?
80
What is the highest common factor of 1426 and 322?
46
Calculate the highest common factor of 56 and 552.
8
Calculate the highest common factor of 13 and 4667.
13
Calculate the greatest common factor of 120 and 75.
15
What is the greatest common divisor of 1824 and 864?
96
Calculate the highest common divisor of 11 and 1243.
11
Calculate the highest common factor of 505 and 5.
5
What is the greatest common factor of 40 and 208?
8
What is the greatest common factor of 154 and 1408?
22
What is the highest common divisor of 29 and 4?
1
Calculate the highest common divisor of 1185 and 6715.
395
What is the highest common factor of 209 and 57?
19
Calculate the greatest common factor of 17 and 187.
17
Calculate the greatest common factor of 66 and 1540.
22
Calculate the greatest common divisor of 12892 and 88.
44
Calculate the greatest common factor of 294 and 1666.
98
Calculate the greatest common factor of 3276 and 28.
28
Calculate the highest common divisor of 35 and 220.
5
Calculate the highest common divisor of 63 and 120.
3
What is the highest common divisor of 62 and 34813?
31
Calculate the highest common divisor of 4632 and 72.
24
What is the greatest common divisor of 525 and 210?
105
What is the highest common factor of 558 and 496?
62
What is the highest common divisor of 55 and 25?
5
Calculate the highest common divisor of 42 and 174.
6
What is the highest common factor of 79 and 7979?
79
Calculate the greatest common factor of 485 and 5.
5
What is the greatest common factor of 17745 and 42?
21
What is the highest common factor of 2943 and 27?
27
What is the highest common factor of 366 and 1525?
61
Calculate the highest common divisor of 4145 and 5.
5
Calculate the highest common divisor of 294 and 12.
6
What is the highest common divisor of 14 and 378?
14
Calculate the greatest common factor of 3549 and 819.
273
What is the greatest common divisor of 7 and 11767?
7
Calculate the highest common factor of 5695 and 85.
85
What is the greatest common factor of 9 and 81?
9
What is the greatest common factor of 408 and 336?
24
What is the highest common divisor of 630 and 2660?
70
Calculate the highest common factor of 126 and 72.
18
What is the highest common divisor of 576 and 14528?
64
Calculate the highest common divisor of 629 and 51.
17
Calculate the greatest common factor of 1320 and 1012.
44
What is the greatest common factor of 1 and 2?
1
Calculate the greatest common factor of 168 and 2534.
14
Calculate the greatest common factor of 2401 and 49.
4